 21001010221111 (base 3) to base 14.
6d5d1b
What is 1424400440 (base 5) in base 13?
a12675
What is 3311414 (base 6) in base 3?
22101021201
-438849 (base 11) to base 16
-aad94
Convert 14ac0 (base 14) to base 2.
1100100101000000
22421341 (base 5) to base 9
336326
Convert 12526031 (base 8) to base 10.
2796569
Convert 22443412 (base 5) to base 16.
318e6
-73aa4 (base 12) to base 2
-100101000101011100
Convert 73b0e (base 16) to base 3.
220002000202
Convert -34115 (base 14) to base 2.
-11110110111100111
-368042 (base 10) to base 9
-620765
bd48a (base 14) to base 5
104143104
What is -4c95a (base 14) in base 12?
-91070
314662b (base 12) to base 6
531204055
Convert 4713176 (base 8) to base 16.
13967e
What is -20771a0 (base 11) in base 15?
-4c3022
What is 634038 (base 9) in base 4?
1130001200
What is 55042454 (base 6) in base 5?
404420004
-102110100022012 (base 3) to base 13
-1352576
-14ad6 (base 16) to base 15
-1a164
What is 42013 (base 7) in base 11?
7814
Convert 495dd (base 14) to base 15.
382e0
What is 22466 (base 16) in base 2?
100010010001100110
What is 1222221323 (base 5) in base 6?
142442524
What is -44a0728 (base 12) in base 14?
-1a635cc
Convert -100101010101011000 (base 2) to base 8.
-452530
Convert -691540 (base 10) to base 6.
-22453324
-3539b (base 15) to base 7
-1304243
-3404206 (base 7) to base 4
-1212330103
What is 33253041 (base 6) in base 16?
f4bf1
-24113102 (base 5) to base 2
-110110011010110110
Convert 203363 (base 10) to base 16.
31a63
-30111230110 (base 4) to base 6
-153154524
What is 9774e (base 15) in base 13?
13ab73
574529 (base 11) to base 12
38091a
-110110210211021 (base 3) to base 12
-227855a
200100222100 (base 3) to base 16
5845e
105401 (base 7) to base 8
44437
What is -43144103 (base 5) in base 13?
-ca4b7
Convert -6b8b0c (base 14) to base 4.
-32000320220
What is -10767 (base 14) in base 15?
-bc39
Convert -201011103 (base 4) to base 12.
-66503
What is -56241 (base 12) in base 13?
-400ab
Convert 1867506 (base 13) to base 11.
4564073
What is d552 (base 14) in base 12?
19304
-433035 (base 11) to base 5
-134122113
What is 2362468 (base 9) in base 15?
1a495e
-38687a (base 16) to base 10
-3696762
What is 143165 (base 15) in base 11?
604578
What is -293999 (base 11) in base 12?
-1a17b1
What is -124c707 (base 13) in base 16?
-572559
Convert -37a102 (base 12) to base 8.
-3357422
What is -846418 (base 10) in base 13?
-238351
8728142 (base 10) to base 7
134121323
Convert 2098b92 (base 12) to base 10.
6174110
1110100101000010 (base 2) to base 16
e942
What is 4842402 (base 10) in base 9?
10100466
Convert -d0b63 (base 16) to base 6.
-30153443
-69a511 (base 15) to base 8
-23200756
4a7387 (base 11) to base 12
327231
Convert -203b9d (base 14) to base 9.
-2034851
Convert 75642 (base 11) to base 3.
12120202220
-14a9a6 (base 11) to base 5
-24443010
What is 30553410 (base 6) in base 3?
1200000022120
-1031232044 (base 5) to base 3
-11011100122022
Convert 11044122 (base 5) to base 15.
1da27
-260374 (base 10) to base 2
-111111100100010110
Convert 1132221132 (base 4) to base 5.
44401203
50124642 (base 7) to base 14
79b192
-6316 (base 10) to base 7
-24262
What is -64a94 (base 14) in base 4?
-323131222
-d5b4aa (base 14) to base 7
-115216503
What is -32012310 (base 4) in base 15?
-121c0
Convert -7520431 (base 8) to base 13.
-553884
72b01 (base 15) to base 8
1306121
What is -12202101000 (base 3) in base 8?
-335161
1606757 (base 11) to base 8
12364612
Convert -c40598 (base 13) to base 2.
-10001011011111001101010
122131114 (base 5) to base 15
b7c59
Convert -10012023 (base 4) to base 14.
-6187
-30779 (base 15) to base 14
-3dd6c
Convert -1842704 (base 9) to base 3.
-1221102210011
1304cc (base 14) to base 3
1020020011120
Convert -2212333321 (base 5) to base 2.
-10010010101111110001010
What is -a3a90 (base 11) in base 3?
-21201002222
Convert 4243422 (base 6) to base 8.
626446
Convert 183cb1 (base 14) to base 15.
11d8e6
490732 (base 10) to base 5
111200412
Convert -6496a (base 15) to base 9.
-536081
What is -46610405 (base 7) in base 12?
-145a872
-13aaa5a (base 14) to base 11
-5438062
Convert 442250 (base 6) to base 10.
36822
Convert 1c999 (base 13) to base 15.
11b67
264cd (base 14) to base 5
11004021
9ab2c7 (base 15) to base 11
418a545
Convert -6a191 (base 11) to base 5.
-11221002
4604102 (base 7) to base 2
10001011110110111101
21143144 (base 6) to base 3
1011111202101
What is -126664 (base 10) in base 5?
-13023124
What is -10202432 (base 5) in base 3?
-11022020121
Convert 101331224 (base 6) to base 16.
1ac2c0
What is 138d3 (base 15) in base 12?
30390
What is a1426 (base 12) in base 5?
23202234
Convert -10231100110 (base 5) to base 16.
-a4cb9e
What is 6290a76 (base 11) in base 15?
e8e48a
What is 174525 (base 8) in base 11?
43a57
What is -1655 (base 11) in base 6?
-13445
6e4ee (base 15) to base 11
220613
-2365100 (base 7) to base 8
-1115501
1000011111101101111011 (base 2) to base 14
41d883
Convert 101000110001110000111 (base 2) to base 4.
11012032013
What is -3032203 (base 5) in base 9?
-74253
Convert 103415242 (base 6) to base 8.
7043352
What is -20211002101100 (base 3) in base 4?
-31310213301
351612 (base 7) to base 16
f660
Convert 2510351 (base 6) to base 13.
48a90
What is -222231003 (base 4) in base 12?
-85283
Convert 113201100100 (base 4) to base 12.
2094014
What is -320102002033 (base 4) in base 14?
-1d60b27
-3201001 (base 5) to base 2
-1101000000000011
Convert -1122344313 (base 5) to base 15.
-353a58
-20032011110 (base 4) to base 6
-114104032
What is -10011111101011000000101 (base 2) in base 10?
-5232133
Convert -101110110110001011 (base 2) to base 11.
-12118a
What is 39582 (base 11) in base 4?
31310111
What is 124320201 (base 5) in base 14?
121d75
3332032 (base 4) to base 14
5d02
Convert -71164 (base 9) to base 6.
-1000351
Convert -13037317 (base 8) to base 4.
-23003323033
Convert -10021020010 (base 3) to base 15.
-140cc
Convert 241211216 (base 7) to base 13.
3145577
-33003321012 (base 4) to base 11
-22572a4
What is -535543 (base 6) in base 2?
-1010110000010111
Convert -352144 (base 7) to base 15.
-13acd
-1220000451 (base 6) to base 4
-311121032233
-82942 (base 10) to base 3
-11012202221
157534 (base 8) to base 10
57180
Convert -14458 (base 15) to base 5.
-4040413
What is 16003614 (base 7) in base 6?
52450523
Convert 2020016 (base 9) to base 3.
2000200000120
What is -3131013113 (base 4) in base 14?
-1980bd
45a60 (base 13) to base 5
13030442
What is 138209 (base 16) in base 10?
1278473
20302 (base 9) to base 11
a052
Convert eb4dc (base 15) to base 7.
6230535
Convert 1627a (base 11) to base 6.
254140
Convert -86a48 (base 12) to base 8.
-533130
Convert -8b454 (base 14) to base 9.
-565136
163504 (base 7) to base 14
bbab
What is -535802 (base 9) in base 5?
-40203343
Convert 52887 (base 9) to base 15.
a57a
Convert -100100111000101110011 (base 2) to base 12.
-4a3583
-15114624 (base 8) to base 6
-201515112
1413402031 (base 5) to base 8
15737417
3a079 (base 11) to base 15
11eb4
153064532 (base 7) to base 14
150bd89
-1f990 (base 16) to base 3
-20120112111
-2373764 (base 8) to base 5
-131401200
Convert -51423213 (base 6) to base 10.
-1480761
What is 264643 (base 10) in base 14?
6c631
Convert 95c94 (base 13) to base 5.
32121213
What is -8115 (base 16) in base 10?
-33045
7616666 (base 8) to base 4
13301312312
What is 3831360 (base 9) in base 7?
23512533
17561172 (base 9) to base 14
1261086
3a9c66 (base 13) to base 5
330440444
Convert a6309 (base 11) to base 7.
1213135
Convert 527351 (base 14) to base 15.
3a0664
-111102221120200 (base 3) to base 8
-33200726
Convert -1224001 (base 9) to base 3.
-1020211000001
Convert 1541024 (base 6) to base 4.
112031020
What is -1410413101 (base 5) in base 14?
-69c868
3415904 (base 10) to base 14
64cc12
Convert ccf2f (base 16) to base 5.
203330341
2234330 (base 7) to base 6
5541235
103222312 (base 4) to base 6
1420554
266945 (base 11) to base 6
12552052
Convert -9c7800 (base 13) to base 8.
-16074554
-3387214 (base 9) to base 10
-1829236
Convert 1363300 (base 8) to base 6.
12142304
What is 1e7925 (base 15) in base 12?
600582
-13321130 (base 6) to base 10
-446094
Convert -1100110100010111000111 (base 2) to base 9.
-6281284
What is 1122210201 (base 3) in base 9?
48721
Convert 98646 (base 10) to base 8.
300526
Convert -1221021220 (ba